{"id":224,"date":"2017-04-19T15:23:50","date_gmt":"2017-04-19T13:23:50","guid":{"rendered":"http:\/\/www.manfred-enderle.de\/?page_id=224"},"modified":"2017-10-04T14:38:31","modified_gmt":"2017-10-04T12:38:31","slug":"polder-abwehr","status":"publish","type":"page","link":"https:\/\/www.manfred-enderle.de\/index.php\/polder-abwehr\/","title":{"rendered":"Polder-Abwehr"},"content":{"rendered":"<p><strong>Zerst\u00f6rung der Pilzflora des Donauwaldes bei Leipheim-Wei\u00dfingen-Riedheim durch den geplanten Flutpolder.<\/strong><\/p>\n<p>Das nachfolgende Gutachten k\u00f6nnen Sie herunterladen:<\/p>\n<p><a href=\"http:\/\/www.manfred-enderle.de\/wp-content\/uploads\/2017\/04\/Zerst\u00f6rung-der-Pilzflora-des-Donauwaldes-bei-Leipheim-Wei\u00dfingen-Riedheim.docx\">Zerst\u00f6rung der Pilzflora des Donauwaldes bei Leipheim-Wei\u00dfingen-Riedheim<\/a><\/p>\n","protected":false},"excerpt":{"rendered":"<p>Zerst\u00f6rung der Pilzflora des Donauwaldes bei Leipheim-Wei\u00dfingen-Riedheim durch den geplanten Flutpolder. Das nachfolgende Gutachten k\u00f6nnen Sie herunterladen: Zerst\u00f6rung der Pilzflora des Donauwaldes bei Leipheim-Wei\u00dfingen-Riedheim<\/p>\n","protected":false},"author":2,"featured_media":255,"parent":0,"menu_order":0,"comment_status":"closed","ping_status":"closed","template":"","meta":{"footnotes":""},"class_list":["post-224","page","type-page","status-publish","has-post-thumbnail","hentry"],"_links":{"self":[{"href":"https:\/\/www.manfred-enderle.de\/index.php\/wp-json\/wp\/v2\/pages\/224"}],"collection":[{"href":"https:\/\/www.manfred-enderle.de\/index.php\/wp-json\/wp\/v2\/pages"}],"about":[{"href":"https:\/\/www.manfred-enderle.de\/index.php\/wp-json\/wp\/v2\/types\/page"}],"author":[{"embeddable":true,"href":"https:\/\/www.manfred-enderle.de\/index.php\/wp-json\/wp\/v2\/users\/2"}],"replies":[{"embeddable":true,"href":"https:\/\/www.manfred-enderle.de\/index.php\/wp-json\/wp\/v2\/comments?post=224"}],"version-history":[{"count":11,"href":"https:\/\/www.manfred-enderle.de\/index.php\/wp-json\/wp\/v2\/pages\/224\/revisions"}],"predecessor-version":[{"id":305,"href":"https:\/\/www.manfred-enderle.de\/index.php\/wp-json\/wp\/v2\/pages\/224\/revisions\/305"}],"wp:featuredmedia":[{"embeddable":true,"href":"https:\/\/www.manfred-enderle.de\/index.php\/wp-json\/wp\/v2\/media\/255"}],"wp:attachment":[{"href":"https:\/\/www.manfred-enderle.de\/index.php\/wp-json\/wp\/v2\/media?parent=224"}],"curies":[{"name":"wp","href":"https:\/\/api.w.org\/{rel}","templated":true}]}}